 -5 - -250652?
250645
In base 4, what is 1 - -33013312?
33013313
In base 11, what is 3a960 + 6?
3a966
In base 12, what is -154 - -4a10?
4878
In base 9, what is -475 - 162?
-647
In base 15, what is 37bd6 - c?
37bc9
In base 9, what is 0 + -6324?
-6324
In base 16, what is -58 - -20e?
1b6
In base 12, what is 99173 - -5?
99178
In base 3, what is -1012 + -2020220101?
-2020221120
In base 3, what is 10111 + -11002102?
-10221221
In base 9, what is 113 - -2004?
2117
In base 5, what is 12442 + -124?
12313
In base 6, what is -5 - 31353?
-31402
In base 9, what is -56 - -2460?
2403
In base 2, what is 110001010111100 + 11?
110001010111111
In base 7, what is -115061 - -2?
-115056
In base 10, what is 443 + 240?
683
In base 6, what is 121 - -320?
441
In base 5, what is -23 + -101110?
-101133
In base 13, what is 5c6 - 12c?
497
In base 15, what is 2 + -22a?
-228
In base 15, what is 286 + 26?
2ac
In base 6, what is -1321 + -211?
-1532
In base 9, what is -1 + -843513?
-843514
In base 14, what is -4 + 120c77?
120c73
In base 16, what is -88 + 2b?
-5d
In base 16, what is -7 + 11c0b?
11c04
In base 10, what is 111911 + -2?
111909
In base 7, what is -5 + 12614036?
12614031
In base 9, what is 2308 - -1057?
3366
In base 11, what is 153 - -1971?
2014
In base 16, what is 342f7 - 1?
342f6
In base 15, what is a + 1e89?
1e94
In base 5, what is 23211 - 10100?
13111
In base 11, what is -2 - 2a5079?
-2a5080
In base 6, what is 335402 + -44?
335314
In base 6, what is 124 + -12223?
-12055
In base 14, what is 835c + 3?
8361
In base 9, what is 10875 - -13?
10888
In base 13, what is 4 + -a86c?
-a868
In base 9, what is -23 - -630?
606
In base 12, what is -1967b + -17?
-19696
In base 3, what is -1020200 + 11201?
-1001222
In base 8, what is -157360 - 0?
-157360
In base 11, what is 729 + -198?
541
In base 5, what is 1013 + 303210?
304223
In base 9, what is -1 + 68720?
68718
In base 5, what is 3 + 2300234?
2300242
In base 11, what is 75764 - -4?
75768
In base 11, what is 3 - 11a83?
-11a80
In base 4, what is 111331210 - -3?
111331213
In base 14, what is 1816 - -3?
1819
In base 16, what is 0 + -5ffe?
-5ffe
In base 15, what is -58 + -317a?
-31d3
In base 11, what is -164 - -6587?
6423
In base 10, what is 1992 - 16?
1976
In base 11, what is -853 - 42?
-895
In base 10, what is 239 - -5394?
5633
In base 15, what is 2 + 497ed?
49800
In base 4, what is -203113 + 12?
-203101
In base 11, what is -3 + 7933?
7930
In base 16, what is -d11d + 7?
-d116
In base 9, what is 86 + 4677?
4774
In base 14, what is -c43a - 4?
-c440
In base 5, what is 1133 - -1313?
3001
In base 12, what is -b8 + -138?
-234
In base 13, what is -280 + 20a?
-73
In base 13, what is 3265 + -1b?
3247
In base 11, what is 3820 + -5?
3816
In base 14, what is -4 - 11acc?
-11ad2
In base 5, what is -433444 - 2?
-434001
In base 14, what is 163a + -a?
1630
In base 16, what is -5 - 2fb8?
-2fbd
In base 7, what is -323 - -1426?
1103
In base 8, what is 5 - -5012?
5017
In base 6, what is 5004233 - 5?
5004224
In base 6, what is -2031552 - -41?
-2031511
In base 9, what is -1588240 - -3?
-1588236
In base 5, what is -23313 + -3310?
-32123
In base 7, what is -2666 + -1222?
-4221
In base 14, what is -52c8 + 2?
-52c6
In base 8, what is 0 + 24451?
24451
In base 4, what is 10 - -1003230?
1003300
In base 6, what is 324 + 3220?
3544
In base 13, what is -10 - -aba?
aaa
In base 15, what is -3 - -10cb3?
10cb0
In base 15, what is 310e + 64?
3173
In base 4, what is 1 + -22332213?
-22332212
In base 4, what is 230110 + -111?
223333
In base 8, what is -166 - 1650?
-2036
In base 13, what is -35 + -466b?
-46a3
In base 4, what is 2131 + 11012?
13203
In base 5, what is 223 + -13401?
-13123
In base 4, what is 101101003 + -2?
101101001
In base 12, what is -52b - -6?
-525
In base 16, what is c9c2 + -4?
c9be
In base 12, what is -3 + -24832?
-24835
In base 10, what is -11 + 10792?
10781
In base 13, what is 804 + 46?
84a
In base 15, what is -50d + 8?
-505
In base 3, what is 12 - 1000120122010?
-1000120121221
In base 3, what is -212 + -1002021111?
-1002022100
In base 5, what is -12033 + -2212?
-14300
In base 6, what is 421422 - 3?
421415
In base 14, what is 4 + 395d?
3963
In base 12, what is 105 - 3315?
-3210
In base 8, what is -41710 + -42?
-41752
In base 13, what is -1cb39b + 1?
-1cb39a
In base 11, what is -99180 + 10?
-99170
In base 4, what is -101120 + 2011120?
1310000
In base 4, what is 1010120021 - -12?
1010120033
In base 8, what is -115265 + -1?
-115266
In base 6, what is 1 - 11023132?
-11023131
In base 5, what is -2310314 - -13?
-2310301
In base 5, what is 3240131 - 14?
3240112
In base 2, what is 1000 + -101001101100100010?
-101001101100011010
In base 16, what is -642 + -20?
-662
In base 5, what is -1033 + -1130402?
-1131440
In base 12, what is -3557 - 12?
-3569
In base 6, what is -25 + -3200?
-3225
In base 8, what is 0 - -100622?
100622
In base 15, what is 86 - -1a84?
1b1a
In base 15, what is -3 - -19ba7?
19ba4
In base 13, what is 13a1 - 36?
1368
In base 6, what is 320 - 243324?
-243004
In base 14, what is -4a11 - -51?
-49a0
In base 9, what is 67 + 63?
141
In base 10, what is 559 - -3658?
4217
In base 7, what is -651234 - 4?
-651241
In base 8, what is 23315 - 245?
23050
In base 15, what is -e0 - -1d0?
e0
In base 12, what is -109569 - 8?
-109575
In base 7, what is 0 - 3455501?
-3455501
In base 5, what is -3 - 1113110?
-1113113
In base 11, what is -25580 - 4?
-25584
In base 11, what is 2947 - -42?
2989
In base 9, what is -810 + 166?
-633
In base 7, what is 1652 + 1?
1653
In base 14, what is -7 - 1b0a9?
-1b0b2
In base 10, what is 504 - 16?
488
In base 5, what is 1023323 - -11?
1023334
In base 10, what is -5 - -235635?
235630
In base 16, what is 9f - -7?
a6
In base 9, what is 413 - -1028?
1442
In base 4, what is 1103 - -120202?
121311
In base 8, what is -5 + -5725?
-5732
In base 2, what is -1010100 + 11011101000?
11010010100
In base 5, what is 2032302 - 3?
2032244
In base 2, what is 10 + -10011111110101010000?
-10011111110101001110
In base 6, what is 311 + 423?
1134
In base 3, what is -12 - 10112202220?
-10112210002
In base 8, what is 5 + 3454?
3461
In base 14, what is -d8 - 96?
-190
In base 10, what is -81846 - -5?
-81841
In base 13, what is -4540 + -a?
-454a
In base 16, what is -11c4e + -3?
-11c51
In base 16, what is -2 - 250?
-252
In base 11, what is 57 - 335?
-289
In base 14, what is -1d1db7 + -2?
-1d1db9
In base 14, what is -9 - -7a5?
79a
In base 16, what is 13752 + 4?
13756
In base 15, what is 3c + -23d?
-201
In base 2, what is -1 - -100001101001011?
100001101001010
In base 2, what is -1001011 + -111100111?
-1000110010
In base 12, what is -2 + -bab32?
-bab34
In base 10, what is -153 - 393?
-546
In base 14, what is 9c54 - -1?
9c55
In base 2, what is 100001111011000110101 - 11?
100001111011000110010
In base 3, what is -10 - -111101102000?
111101101220
In base 8, what is 14137 + 25?
14164
In base 4, what is -200211303 + -3?
-200211312
In base 6, what is 2 - -23125?
23131
In base 15, what is -457 - -60?
-3e7
In base 9, what is 1 - 223571?
-223570
In base 12, what is -45a - -527?
89
In base 14, what is 499a - -4?
49a0
In base 4, what is 12310 + -22313?
-10003
In base 4, what is -23123200 - -11?
-23123123
In base 5, what is -4310403 - -112?
-4310241
In base 16, what is -2d793 - 3?
-2d796
In base 11, what is -2 + 110103?
110101
In base 6, what is -21 + -400?
-421
In base 5, what is 2 - -4430?
4432
In base 7, what is 4 - 51212?
-51205
In base 16, what is -f - -35d?
34e
In base 11, what is -6 + 15540?
15535
In base 6, what is -150 + 142?
-4
In base 6, what is -2115 - -125020?
122501
In base 7, what is 3 + 1353?
1356
In base 4, what is 10113 - -2312?
13031
In base 16, what is 232 + 976?
ba8
In base 16, what is -194 + -2?
-196
In base 6, what is -2 - -24212134?
24212132
In base 6, what is 15 - 13132?
-13113
In base 10, what is 0 - 65184?
-65184
In base 6, what is -15 - -14111002?
14110543
In base 14, what is 21211 - -2?
21213
In base 4, what is 30220 + -121?
30033
In base 3, what is -2212112212 - 1?
-2212112220
In base 2, what is 1 - 11101010101000010?
-11101010101000001
In base 6, what is 0 - -345134?
345134
In base 10, what is 5 + -638973?
-638968
In base 9, what is 22235 - 20?
22215
In base 10, what is -90192 + 4?
-90188
In base 16, what is 7588a - 1?
75889
In base 4, what 